ivative of h**4/24 + 2*h**3 + 3*h**2. Let m be t(-6). Let p(q) = -q**2 + 5*q + 7. Give p(m).
1
Let w = -12 + 6. Let b(q) = -q**3 - 5*q**2 + 5*q - 3. Give b(w).
3
Suppose 5*a = -0 - 10. Let h = 6 - 4. Let o(p) = 3 - 2*p - p**3 - 3 - 1 - h*p**2. Determine o(a).
3
Let o = 8 + -9. Let r be (0 + o - -3)/1. Suppose -r*c - 2*c = 0. Let p(v) = -v - 6. Calculate p(c).
-6
Let c(q) be the second derivative of -q**3/6 + 5*q**2/2 - 8*q. Determine c(0).
5
Let b(r) = 3 - r**2 - 4*r + 5*r**2 - 3*r**2 + r**3. What is b(2)?
7
Let k be 1 - (-1*-3*2 - 3). Let p(l) be the third derivative of -l**6/120 - l**5/20 - l**4/8 - l**3/3 + l**2. What is p(k)?
0
Let x(y) be the second derivative of y**5/20 - y**4/2 + y**3/6 + 4*y - 5. What is x(6)?
6
Let c(z) = 2*z**2 - z - 3*z**2 + 2*z**2 - 4 - 6*z. Determine c(7).
-4
Let u(c) = 60*c + 2*c**3 - c**3 - 60*c + 26. What is u(0)?
26
Suppose -2*z + 0*z + 10 = 0. Suppose x - z = -3. Let w(v) = -x*v + 3*v**2 + 5 - 4*v**3 - 8*v**2 + 3*v**3. Give w(-4).
-3
Let i(s) = -1 + 3*s**2 + 6*s + 4 - s**3 - 4 + s. Calculate i(5).
-16
Let b(g) = g**3 + 5*g**2. Let q = -21 + 17. Calculate b(q).
16
Suppose -i + 0 + 5 = 0. Suppose 2*g = 4*f - 10, i = -g - 0*g - 2*f. Let s(b) = -b**2 - 5*b - 6. What is s(g)?
-6
Let n(m) = m + 2. Let g(p) = -5 + 6 - p + 6*p**2 - 2*p**2 - 2*p**2. Let a be g(1). Suppose -s = 2*s + a*o + 21, -3*o + 6 = -3*s. Calculate n(s).
-3
Let o(g) = g + 1. Let n(f) = -2*f + 5. Let j be n(3). What is o(j)?
0
Let w(c) = 2*c**2 + 1. Let h be w(1). Let f(p) = 5 - h*p + 6*p + p - 3*p. Calculate f(0).
5
Let z(u) = u**2 + 4*u + 4. Let l be z(-3). Let v(q) = -17*q + 1. What is v(l)?
-16
Suppose -a - k + 3 = 0, k + 12 - 3 = a. Suppose 5*i - 14 - a = 0. Suppose -4*m + i + 0 = 0. Let x(q) = -2*q**3 + 1. What is x(m)?
-1
Let f(r) = -r**2 - 10*r - 12. Let z be 12/(-3)*(-2 - -4). Let s be f(z). Let h(k) = -2*k + 4. What is h(s)?
-4
Let c(y) = y**3 + 10*y**2 + 9*y - 6. Let p = -86 + 77. What is c(p)?
-6
Let h(n) = n**3 + 4*n**2 - 4*n + 3. Suppose 2*t + 0*q - 5*q = -30, -20 = -5*q. What is h(t)?
-2
Let m(q) = q**3 - 7. Suppose -5*i - 25 = a, -2*a + 15 = 2*a - 3*i. Calculate m(a).
-7
Let p(l) = -l - 1. Let k = -28 - -34. What is p(k)?
-7
Let g(y) be the third derivative of -y**4/12 + 2*y**3/3 - 12*y**2. What is g(3)?
-2
Let c(t) = 2*t + 2*t - 3*t - 1 + 7. Let r(b) = -b**2 + 2*b + 3. Let z be r(3). What is c(z)?
6
Let l = -6 - -10. Let u(a) be the second derivative of -a**4/12 + a**3/2 + a**2 - 12*a. What is u(l)?
-2
Let o(j) = j**2 - 5. Suppose -3*s - 45 + 14 = 5*q, -2*s - 14 = 2*q. Let k(h) = h**3 + 3*h**2 + 3*h + 2. Let n be k(s). What is o(n)?
-5
Let c(q) = -3*q + 3. Let t = 8 + -5. Suppose 0 = 4*r + 4*m + 8, 5*r + 2*m + 0*m = 2. Suppose 2*a - 13 = -t*v - r, 3*v - 5 = 4*a. What is c(v)?
-6
Let c(m) be the second derivative of -m**5/60 - m**4/12 - m**3/2 - 2*m**2 - 4*m. Let q(d) be the first derivative of c(d). Give q(-2).
-3
Let v(c) = c**2 - 3*c - 4. Suppose 3 = -b, h - 9 = -b + 3*b. Give v(h).
-4
Suppose -6 = -19*s + 18*s. Let w(b) = -b**3 + 6*b**2 + 2. Give w(s).
2
Suppose -2*z + 5*z + 30 = 0. Let t = 6 + z. Let y(s) = s**2 + 5*s - 4. What is y(t)?
-8
Suppose 5*l - 19 = 16. Suppose -l*n = -3*n. Let d(i) = 3*i + i + i**2 + i + n*i. What is d(-3)?
-6
Let s(a) = -3*a + 3. Suppose 3*p = 1 + 5. Suppose -4*j - p = -10. Give s(j).
-3
Let f(j) = -4 - j + 0*j - 2*j. Give f(3).
-13
Let w be (-36)/10 - 2/5. Let q = 15 - 13. Let g(v) = 34*v + 0 - q - 36*v. Give g(w).
6
Let h(u) = u**2 + 1. Let j be h(-1). Let q(k) = -6*k - 7. Let l(c) = -3*c - 3. Let w(a) = 5*l(a) - 2*q(a). Determine w(j).
-7
Let n(h) = -h**3 + 4*h**2 + 8*h - 6. Let o(g) = 3*g**2 - 7*g - 1. Let d be o(3). Determine n(d).
9
Let o(d) = -d**2 + 1 + 1 + 4*d + 5. Calculate o(6).
-5
Let o(f) = -4*f - 4. Let n be o(-4). Suppose -w + 4*i + n = 0, 5*w - 5*i = w + 4. Let d(g) = -g**2 - 5*g + 1. What is d(w)?
5
Let u(r) = -r - 2*r - r**2 - 2 + 2*r**3 + 1 - r**3. Determine u(3).
8
Let s(t) = -t**2 - 5*t + 6. Suppose o = -2*o + 6. Let w be (1 - 2)/(o/10). Give s(w).
6
Let m(i) = 3*i**2 - 2 - 2*i + 0 - i**3 + 0. Let a = 0 - -3. Determine m(a).
-8
Let z(s) = -4 - 83*s + s**2 - 3 + 88*s. Let b be (1/2)/((-2)/20). Determine z(b).
-7
Suppose 3*h - 3 = 6. Let b(k) = 0*k**3 - 6 + 5*k**3 - 4*k**h + 5*k**2. Suppose 3*m - 3*p + 17 = -p, -5*m = -p + 26. Calculate b(m).
-6
Suppose 3*q - p - 18 = 0, 4*q + 5*p - p - 8 = 0. Let c(r) = 6*r - q*r + r - r. Determine c(5).
5
Let k(t) = -3*t**2 - 9*t - 17*t - 4 + 25*t + 4*t**2. Calculate k(4).
8
Let i be ((-3)/2 + 2)*2. Let m be 3/3*i*5. Let w(l) be the third derivative of -l**6/120 + l**5/10 - 5*l**4/24 + 5*l**3/6 - 2*l**2. Give w(m).
5
Suppose 3*a + 3*i + 24 = 0, 4*i = 19*a - 17*a + 4. Let x(q) = -q**3 - 7*q**2 - 6*q - 6. Give x(a).
-6
Suppose 0 = -y - 5*n - 11 - 16, 5*n = -3*y - 41. Let k(i) be the second derivative of i**4/12 + 5*i**3/6 - 4*i**2 - 17*i. What is k(y)?
6
Let f = 10 + -10. Let y(p) = -p**2 - p - 8. What is y(f)?
-8
Let f(g) = 8*g**2 - 10*g + 19. Let k(l) = 3*l**2 - 5*l + 9. Let t(c) = 2*f(c) - 5*k(c). Suppose 3 + 12 = -2*i + z, i + 2*z = 0. Calculate t(i).
-1
Let h(v) be the first derivative of -v**4/4 + v**3/3 + v**2/2 - 2*v + 2. Let c = -5 - -5. Suppose -2*r = 3*g - 4, 2*g - 2*r - 2*r + 8 = c. Calculate h(g).
-2
Let s(z) = -2*z + 6. Let d be s(6). Let h(k) = 3 - 3*k - 2*k - 1358*k**3 + 1357*k**3 + 1 - 7*k**2 - 7. Determine h(d).
-9
Suppose 0 = 2*w - 0*w. Let u(b) = -b**3 + b**2 + 8. Calculate u(w).
8
Let g be ((-3)/12*-4)/1. Let c be 0*((-1)/1)/g. Let q(a) = a + 1. Let n(x) = 2*x + 3. Let k(z) = -4*n(z) + 7*q(z). Determine k(c).
-5
Let a(n) be the first derivative of -3*n**4/2 - n**2 - n - 2. Let s(i) = -i**3 + 10*i**2 + i - 13. Let z be s(10). Let h be z + 1 + 1 + 0. What is a(h)?
7
Let c(y) = 4*y**2 - 7*y - 1. Let w(s) = s**2 + 1. Suppose 5*l + 3*x + 11 = 36, l + 2*x - 5 = 0. Let n = l + -6. Let m(d) = n*c(d) + 5*w(d). Calculate m(-5).
-4
Let i(j) = 1 - 2 + 0 - 3*j. Let u be (-4)/(-8) + 3/6. Suppose 2*a = -h + 4*a - 1, -h + 3*a = u. Give i(h).
2
Let o = 2 + -2. Suppose 2*i + o*i = 0. Let u(l) be the second derivative of -l**4/12 - l**3/6 - 5*l**2/2 + 8*l + 2. Determine u(i).
-5
Let b(z) = -z - 4. Let t(v) = 6*v + 20. Let h(j) = -11*b(j) - 2*t(j). Let l be (-18)/(-8)*16/6. Suppose -l*f + f + 15 = 0. Give h(f).
1
Let g be 5*(-2 + (-36)/(-15)) - -2. Let a(v) = -v**2 + v - 1. Calculate a(g).
-13
Suppose 4*l = -16 - 0. Let p(c) be the second derivative of c**4/12 + 7*c**3/6 + 5*c**2/2 - c. What is p(l)?
-7
Let i(j) = j**3 - j**2 + 10. Let m be i(0). Let n = -16 + m. Let b(s) = -2*s - 8. Give b(n).
4
Let q(y) = y**3 + 2*y**2 - 1 + 3*y - 3*y. Let z = 4 + -3. Suppose 2*l + z - 3 = 0. Determine q(l).
2
Let z(o) = -o. Suppose c + c = -5*p - 10, -4*p - 8 = 0. Give z(c).
0
Let x(p) = p + 14. Let u = 38 - 38. What is x(u)?
14
Let z(q) = 3*q + 7. Let n(c) = 7*c + 13. Let l(p) = -2*n(p) + 5*z(p). What is l(0)?
9
Let p(s) = 2*s**2 - 5*s + 7. Let d be (-2)/9 - (-50)/(-18). Let w(k) = k**2 - 3*k + 4. Let h(a) = d*p(a) + 5*w(a). Give h(-2).
-5
Let m = 3 - 9. Let k(z) = -z**3 - 7*z**2 - 4*z + 7. What is k(m)?
-5
Let a(j) = j**2 - 21*j - 41. Let f be a(23). Let m(q) = q - 5. What is m(f)?
0
Let y(q) = 6*q**2 - q + 3. Let a(r) = r + 1. Let p(z) = -z**2 + 5*z + 4. Let x(c) = -4*a(c) + p(c). Let t(g) = 5*x(g) + y(g). Determine t(-4).
3
Let l be -3 + (-10)/5 + 6. Let n(s) = -2*s - 2. Give n(l).
-4
Let h(z) be the second derivative of -3*z**5/10 + z**3/6 + z**2/2 + z. Let s = 32 - 30. Let u(r) = -r**3 + 3*r**2 - 3*r + 1. Let n be u(s). Give h(n).
6
Let c = -7 - 1. Let u = c - -10. Let x be (-2)/((-6)/15) - u. Let b(z) = -z + 2. Give b(x).
-1
Let h be ((-20)/8 - -3)*4. Let t(b) = -h*b**3 + 0*b**2 - 2 + 4*b**3 + 2*b - b**3 - 4*b**2. What is t(3)?
-5
Let a be 4/5*(-5 - 0). Let w(v) be the first derivative of v**4/4 + 4*v**3/3 - v**2/2 - 5*v + 2. Let g be w(a). Let d(i) = -i**3 + i**2 - 1. Give d(g).
1
Let c(h) = h**2 - 4*h + 3. Suppose -4*a = -5*v - 10, -14 = -v + 4*v - 4*a. Give c(v).
-1
Let t(p) = -p**3 + p**2 - 5. Let g = -6 + 11. Suppose -g*i = -i. Determine t(i).
-5
Let m(x) = -8 + 0*x + 9*x - 1 + 21*x**2 - 22*x**2. Give m(6).
9
Let z(q) = 4*q - 3*q + 0*q**2 + 3*q**2 - 4 + q**3. Let b = -2 - 0. Let o be b/(-1 - 15/(-9)). Determine z(o).
-7
Let l(a) = 3*a**2 - 4*a 